1208 is divided by 33?
20
What is the remainder when 5774 is divided by 4?
2
What is the remainder when 5335 is divided by 205?
5
What is the remainder when 33 is divided by 17?
16
What is the remainder when 82 is divided by 16?
2
What is the remainder when 118 is divided by 24?
22
What is the remainder when 409 is divided by 84?
73
What is the remainder when 1251 is divided by 73?
10
Calculate the remainder when 648 is divided by 141.
84
Calculate the remainder when 54 is divided by 16.
6
Calculate the remainder when 1629 is divided by 12.
9
Calculate the remainder when 291 is divided by 14.
11
What is the remainder when 74 is divided by 5?
4
What is the remainder when 238 is divided by 80?
78
Calculate the remainder when 5554 is divided by 2769.
16
What is the remainder when 790 is divided by 22?
20
Calculate the remainder when 1053 is divided by 33.
30
What is the remainder when 2761 is divided by 153?
7
Calculate the remainder when 4721 is divided by 17.
12
What is the remainder when 2208 is divided by 85?
83
What is the remainder when 48 is divided by 23?
2
Calculate the remainder when 44 is divided by 19.
6
What is the remainder when 289 is divided by 77?
58
Calculate the remainder when 289 is divided by 59.
53
Calculate the remainder when 13723 is divided by 11.
6
Calculate the remainder when 221 is divided by 28.
25
Calculate the remainder when 260 is divided by 70.
50
Calculate the remainder when 675 is divided by 221.
12
What is the remainder when 519 is divided by 52?
51
What is the remainder when 1602 is divided by 107?
104
What is the remainder when 110 is divided by 108?
2
Calculate the remainder when 53 is divided by 24.
5
Calculate the remainder when 315 is divided by 298.
17
Calculate the remainder when 240 is divided by 45.
15
Calculate the remainder when 488 is divided by 23.
5
Calculate the remainder when 6199 is divided by 188.
183
What is the remainder when 89 is divided by 18?
17
Calculate the remainder when 97 is divided by 25.
22
What is the remainder when 3075 is divided by 38?
35
Calculate the remainder when 9097 is divided by 35.
32
Calculate the remainder when 321 is divided by 36.
33
Calculate the remainder when 81 is divided by 41.
40
What is the remainder when 189 is divided by 37?
4
Calculate the remainder when 262 is divided by 61.
18
Calculate the remainder when 9598 is divided by 32.
30
What is the remainder when 411 is divided by 18?
15
What is the remainder when 394 is divided by 91?
30
What is the remainder when 31 is divided by 12?
7
What is the remainder when 710 is divided by 58?
14
What is the remainder when 224 is divided by 77?
70
What is the remainder when 1927 is divided by 92?
87
What is the remainder when 5088 is divided by 98?
90
Calculate the remainder when 17215 is divided by 5736.
7
Calculate the remainder when 146 is divided by 50.
46
Calculate the remainder when 815 is divided by 34.
33
What is the remainder when 79 is divided by 10?
9
Calculate the remainder when 14789 is divided by 86.
83
Calculate the remainder when 138 is divided by 3.
0
Calculate the remainder when 2013 is divided by 13.
11
Calculate the remainder when 1420 is divided by 19.
14
Calculate the remainder when 63153 is divided by 76.
73
What is the remainder when 1183 is divided by 27?
22
Calculate the remainder when 143 is divided by 49.
45
What is the remainder when 40697 is divided by 171?
170
What is the remainder when 258 is divided by 128?
2
What is the remainder when 11194 is divided by 5?
4
What is the remainder when 2565 is divided by 854?
3
Calculate the remainder when 150 is divided by 39.
33
Calculate the remainder when 160 is divided by 24.
16
Calculate the remainder when 142 is divided by 59.
24
Calculate the remainder when 306 is divided by 81.
63
Calculate the remainder when 263 is divided by 101.
61
Calculate the remainder when 10391 is divided by 24.
23
Calculate the remainder when 382 is divided by 65.
57
What is the remainder when 332 is divided by 9?
8
Calculate the remainder when 11132 is divided by 19.
17
Calculate the remainder when 50 is divided by 19.
12
Calculate the remainder when 1635 is divided by 26.
23
What is the remainder when 443 is divided by 30?
23
Calculate the remainder when 1470 is divided by 46.
44
What is the remainder when 2510 is divided by 1248?
14
What is the remainder when 324 is divided by 123?
78
Calculate the remainder when 364 is divided by 73.
72
Calculate the remainder when 6998 is divided by 50.
48
Calculate the remainder when 133 is divided by 13.
3
Calculate the remainder when 547 is divided by 410.
137
What is the remainder when 41 is divided by 31?
10
What is the remainder when 374 is divided by 190?
184
What is the remainder when 179 is divided by 36?
35
Calculate the remainder when 3648 is divided by 43.
36
Calculate the remainder when 73 is divided by 40.
33
What is the remainder when 381 is divided by 125?
6
What is the remainder when 3958 is divided by 37?
36
What is the remainder when 1731 is divided by 162?
111
What is the remainder when 159 is divided by 21?
12
Calculate the remainder when 146 is divided by 28.
6
Calculate the remainder when 24376 is divided by 19.
18
What is the remainder when 910 is divided by 56?
14
Calculate the remainder when 927 is divided by 5.
2
Calculate the remainder when 50 is divided by 27.
23
Calculate the remainder when 487 is divided by 232.
23
Calculate the remainder when 1756 is divided by 56.
20
What is the remainder when 55 is divided by 14?
13
Calculate the remainder when 16 is divided by 13.
3
Calculate the remainder when 3371 is divided by 373.
14
Calculate the remainder when 97 is divided by 50.
47
What is the remainder when 366 is divided by 33?
3
What is the remainder when 1128 is divided by 39?
36
Calculate the remainder when 6962 is divided by 1738.
10
What is the remainder when 102 is divided by 13?
11
Calculate the remainder when 42 is divided by 15.
12
Calculate the remainder when 57 is divided by 32.
25
What is the remainder when 950 is divided by 96?
86
What is the remainder when 2221 is divided by 738?
7
Calculate the remainder when 948 is divided by 17.
13
What is the remainder when 458 is divided by 4?
2
What is the remainder when 1098 is divided by 92?
86
What is the remainder when 3697 is divided by 79?
63
What is the remainder when 6 is divided by 6?
0
What is the remainder when 403 is divided by 45?
43
What is the remainder when 496 is divided by 38?
2
Calculate the remainder when 13396 is divided by 11.
9
Calculate the remainder when 121 is divided by 62.
59
What is the remainder when 922 is divided by 11?
9
What is the remainder when 5623 is divided by 29?
26
Calculate the remainder when 621 is divided by 21.
12
Calculate the remainder when 860 is divided by 291.
278
What is the remainder when 292 is divided by 74?
70
Calculate the remainder when 170 is divided by 57.
56
What is the remainder when 48 is divided by 9?
3
What is the remainder when 16703 is divided by 96?
95
Calculate the remainder when 85 is divided by 18.
13
Calculate the remainder when 172 is divided by 35.
32
Calculate the remainder when 209 is divided by 23.
2
What is the remainder when 932 is divided by 25?
7
What is the remainder when 1063 is divided by 346?
25
Calculate the remainder when 887 is divided by 148.
147
Calculate the remainder when 308 is divided by 65.
48
Calculate the remainder when 431 is divided by 31.
28
What is the remainder when 8046 is divided by 41?
10
What is the remainder when 637 is divided by 19?
10
What is the remainder when 310 is divided by 47?
28
Calculate the remainder when 533 is divided by 131.
9
What is the remainder when 155 is divided by 153?
2
What is the remainder when 139 is divided by 11?
7
What is the remainder when 196 is divided by 22?
20
What is the remainder when 399 is divided by 40?
39
Calculate the remainder when 276 is divided by 51.
21
Calculate the remainder when 322 is divided by 119.
84
Calculate the remainder when 503 is divided by 72.
71
Calculate the remainder when 11977 is divided by 10.
7
Calculate the remainder when 1777 is divided by 592.
1
What is the remainder when 25 is divided by 18?
7
What is the remainder when 52 is divided by 15?
7
What is the remainder when 